{"id":12918,"date":"2025-07-27T15:37:10","date_gmt":"2025-07-27T15:37:10","guid":{"rendered":"https:\/\/thooft.bast-agency.com\/?post_type=collecties&#038;p=12918"},"modified":"2025-08-27T10:42:18","modified_gmt":"2025-08-27T10:42:18","slug":"faz-collection-vondom","status":"publish","type":"collecties","link":"https:\/\/thooft.com\/fr\/collections\/faz-collection-vondom\/","title":{"rendered":"Faz"},"content":{"rendered":"<h3 class=\"wp-block-heading\">L'\u00e9l\u00e9gance intemporelle des formes g\u00e9om\u00e9triques<\/h3>\n\n\n\n<p>Le <strong>Collection Faz<\/strong> Vondom, cr\u00e9\u00e9e par Ram\u00f3n Esteve pour Vondom, fait partie des lignes les plus embl\u00e9matiques de la marque. Avec ses formes min\u00e9rales et puissantes, la collection respire l'harmonie, la s\u00e9r\u00e9nit\u00e9 et l'intemporalit\u00e9. Le jeu entre <strong>mati\u00e8re et lumi\u00e8re<\/strong> cr\u00e9e une atmosph\u00e8re exclusive et enveloppante qui transforme tout espace ext\u00e9rieur.<\/p>\n\n\n\n<h3 class=\"wp-block-heading\">La modularit\u00e9 pour des possibilit\u00e9s infinies<\/h3>\n\n\n\n<p>Faz est plus qu'une collection : c'est un mode de vie. Gr\u00e2ce \u00e0 la <strong>caract\u00e8re modulaire<\/strong> tout espace ext\u00e9rieur peut \u00eatre enti\u00e8rement personnalis\u00e9. Que vous optiez pour un am\u00e9nagement \u00e9pur\u00e9 et minimaliste ou pour un espace lounge accueillant, les \u00e9l\u00e9ments de Faz peuvent \u00eatre facilement combin\u00e9s et r\u00e9arrang\u00e9s. Vous pouvez ainsi concevoir un espace ext\u00e9rieur qui correspond parfaitement \u00e0 votre style et \u00e0 vos besoins, \u00e0 chaque fois.<\/p>\n\n\n\n<h3 class=\"wp-block-heading\">Une collection polyvalente et compl\u00e8te<\/h3>\n\n\n\n<p>La collection Faz de Vondom est particuli\u00e8rement riche :<\/p>\n\n\n\n<ul class=\"wp-block-list\">\n<li><strong>Chaises longues avec tables d'appoint<\/strong><\/li>\n\n\n\n<li><strong>Chaises, fauteuils et chaises longues<\/strong><\/li>\n\n\n\n<li><strong>Canap\u00e9s et tables basses modulaires<\/strong><\/li>\n\n\n\n<li><strong>Lits de repos et lampes d'ext\u00e9rieur<\/strong><\/li>\n\n\n\n<li><strong>Tabourets et tables de bar<\/strong><\/li>\n\n\n\n<li><strong>Trois types de jardini\u00e8res de diff\u00e9rentes tailles<\/strong><\/li>\n<\/ul>\n\n\n\n<p>Cette polyvalence permet \u00e0 Faz de s'adapter aussi bien aux terrasses intimes qu'aux projets de grande envergure.<\/p>\n\n\n\n<h3 class=\"wp-block-heading\">Un design alliant sophistication et fonctionnalit\u00e9<\/h3>\n\n\n\n<p>La force de Faz r\u00e9side dans la combinaison des \u00e9l\u00e9ments suivants <strong>esth\u00e9tique et fonctionnalit\u00e9<\/strong>. Chaque design n'est pas seulement une d\u00e9claration visuelle, mais aussi un meuble durable et pratique qui peut r\u00e9sister \u00e0 un usage ext\u00e9rieur intensif. Faz apporte une \u00e9l\u00e9gance architecturale \u00e0 votre espace ext\u00e9rieur.<\/p>\n\n\n\n<h3 class=\"wp-block-heading\">D\u00e9couvrez la collection Vondom Faz dans notre showroom<\/h3>\n\n\n\n<p>Laissez-vous inspirer par l'unique <strong><a href=\"https:\/\/www.vondom.com\/collections\/FAZ\" target=\"_blank\" rel=\"noopener noreferrer nofollow\">Collection Faz Vondom<\/a><\/strong> et d\u00e9couvrez par vous-m\u00eame comment ces designs embl\u00e9matiques conf\u00e8rent \u00e0 votre terrasse ou \u00e0 votre jardin un aspect exclusif. Visitez le site <a href=\"https:\/\/thooft.com\/fr\/prendre-un-rendez-vous\/\">notre salle d'exposition<\/a> et d\u00e9couvrez la combinaison parfaite de <strong>modularit\u00e9, design et classe intemporelle<\/strong>.<\/p>","protected":false},"excerpt":{"rendered":"<p>Tijdloze elegantie in geometrische vormen De Faz collectie Vondom, ontworpen door Ram\u00f3n Esteve voor Vondom, behoort tot de meest iconische lijnen van het merk. Met haar minerale, krachtige vormen straalt de collectie harmonie, sereniteit en tijdloosheid uit. Het spel tussen materiaal en licht cre\u00ebert een exclusieve en omhullende sfeer die elke buitenruimte transformeert. Modulariteit voor [&hellip;]<\/p>","protected":false},"featured_media":17727,"menu_order":0,"template":"","format":"standard","meta":{"footnotes":""},"type-collectie":[130,114,113,115,128,99,93,133,97,98,100,94,129],"soort":[58],"merk":[42],"class_list":["post-12918","collecties","type-collecties","status-publish","format-standard","has-post-thumbnail","hentry","type-collectie-accessoires","type-collectie-banken","type-collectie-bijzettafels","type-collectie-daybeds","type-collectie-decoratie","type-collectie-ligbedden","type-collectie-loungesets","type-collectie-loungestoelen","type-collectie-planters","type-collectie-stoelen","type-collectie-tafels","type-collectie-tuinsets","type-collectie-verlichting","soort-moderne-tuinmeubelen","merk-vondom"],"_links":{"self":[{"href":"https:\/\/thooft.com\/fr\/wp-json\/wp\/v2\/collecties\/12918","targetHints":{"allow":["GET"]}}],"collection":[{"href":"https:\/\/thooft.com\/fr\/wp-json\/wp\/v2\/collecties"}],"about":[{"href":"https:\/\/thooft.com\/fr\/wp-json\/wp\/v2\/types\/collecties"}],"version-history":[{"count":1,"href":"https:\/\/thooft.com\/fr\/wp-json\/wp\/v2\/collecties\/12918\/revisions"}],"predecessor-version":[{"id":17728,"href":"https:\/\/thooft.com\/fr\/wp-json\/wp\/v2\/collecties\/12918\/revisions\/17728"}],"wp:featuredmedia":[{"embeddable":true,"href":"https:\/\/thooft.com\/fr\/wp-json\/wp\/v2\/media\/17727"}],"wp:attachment":[{"href":"https:\/\/thooft.com\/fr\/wp-json\/wp\/v2\/media?parent=12918"}],"wp:term":[{"taxonomy":"type-collectie","embeddable":true,"href":"https:\/\/thooft.com\/fr\/wp-json\/wp\/v2\/type-collectie?post=12918"},{"taxonomy":"soort","embeddable":true,"href":"https:\/\/thooft.com\/fr\/wp-json\/wp\/v2\/soort?post=12918"},{"taxonomy":"merk","embeddable":true,"href":"https:\/\/thooft.com\/fr\/wp-json\/wp\/v2\/merk?post=12918"}],"curies":[{"name":"wp","href":"https:\/\/api.w.org\/{rel}","templated":true}]}}

<h3 class="wp-block-heading">L'élégance intemporelle des formes géométriques</h3>



<p>Le <strong>Collection Faz</strong> Vondom, créée par Ramón Esteve pour Vondom, fait partie des lignes les plus emblématiques de la marque. Avec ses formes minérales et puissantes, la collection respire l'harmonie, la sérénité et l'intemporalité. Le jeu entre <strong>matière et lumière</strong> crée une atmosphère exclusive et enveloppante qui transforme tout espace extérieur.</p>



<h3 class="wp-block-heading">La modularité pour des possibilités infinies</h3>



<p>Faz est plus qu'une collection : c'est un mode de vie. Grâce à la <strong>caractère modulaire</strong> tout espace extérieur peut être entièrement personnalisé. Que vous optiez pour un aménagement épuré et minimaliste ou pour un espace lounge accueillant, les éléments de Faz peuvent être facilement combinés et réarrangés. Vous pouvez ainsi concevoir un espace extérieur qui correspond parfaitement à votre style et à vos besoins, à chaque fois.</p>



<h3 class="wp-block-heading">Une collection polyvalente et complète</h3>



<p>La collection Faz de Vondom est particulièrement riche :</p>



<ul class="wp-block-list">
<li><strong>Chaises longues avec tables d'appoint</strong></li>



<li><strong>Chaises, fauteuils et chaises longues</strong></li>



<li><strong>Canapés et tables basses modulaires</strong></li>



<li><strong>Lits de repos et lampes d'extérieur</strong></li>



<li><strong>Tabourets et tables de bar</strong></li>



<li><strong>Trois types de jardinières de différentes tailles</strong></li>
</ul>



<p>Cette polyvalence permet à Faz de s'adapter aussi bien aux terrasses intimes qu'aux projets de grande envergure.</p>



<h3 class="wp-block-heading">Un design alliant sophistication et fonctionnalité</h3>



<p>La force de Faz réside dans la combinaison des éléments suivants <strong>esthétique et fonctionnalité</strong>. Chaque design n'est pas seulement une déclaration visuelle, mais aussi un meuble durable et pratique qui peut résister à un usage extérieur intensif. Faz apporte une élégance architecturale à votre espace extérieur.</p>



<h3 class="wp-block-heading">Découvrez la collection Vondom Faz dans notre showroom</h3>



<p>Laissez-vous inspirer par l'unique <strong><a href="https://www.vondom.com/collections/FAZ" target="_blank" rel="noopener noreferrer nofollow">Collection Faz Vondom</a></strong> et découvrez par vous-même comment ces designs emblématiques confèrent à votre terrasse ou à votre jardin un aspect exclusif. Visitez le site <a href="https://thooft.com/fr/prendre-un-rendez-vous/">notre salle d'exposition</a> et découvrez la combinaison parfaite de <strong>modularité, design et classe intemporelle</strong>.</p>

<p>Tijdloze elegantie in geometrische vormen De Faz collectie Vondom, ontworpen door Ramón Esteve voor Vondom, behoort tot de meest iconische lijnen van het merk. Met haar minerale, krachtige vormen straalt de collectie harmonie, sereniteit en tijdloosheid uit. Het spel tussen materiaal en licht creëert een exclusieve en omhullende sfeer die elke buitenruimte transformeert. Modulariteit voor [&hellip;]</p>
