{"id":12620,"date":"2025-02-27T14:45:01","date_gmt":"2025-02-27T14:45:01","guid":{"rendered":"https:\/\/thooft.bast-agency.com\/?post_type=collecties&#038;p=12620"},"modified":"2025-09-09T14:18:52","modified_gmt":"2025-09-09T14:18:52","slug":"vestige-du-nid-de-dedon","status":"publish","type":"collecties","link":"https:\/\/thooft.com\/fr\/collections\/vestige-du-nid-de-dedon\/","title":{"rendered":"Nestrest"},"content":{"rendered":"<blockquote class=\"wp-block-quote is-layout-flow wp-block-quote-is-layout-flow\">\n<p>Je tra\u00eene dans les parages.<\/p>\n<\/blockquote>\n\n\n\n<h2 class=\"wp-block-heading\">Dedon Nestrest | Le nid suspendu ultime pour l'ext\u00e9rieur<\/h2>\n\n\n\n<p>Le <strong>DEDON Nestrest<\/strong>, con\u00e7u par <strong>Daniel Pouzet et Fred Frety<\/strong>est devenu une ic\u00f4ne dans le monde de l'am\u00e9nagement ext\u00e9rieur. Ce meuble unique transcende la fonction de meuble de salon et devient un \u00e9l\u00e9ment de d\u00e9coration d'int\u00e9rieur. <strong>d\u00e9claration architecturale<\/strong> dans n'importe quel espace ext\u00e9rieur.<\/p>\n\n\n\n<p>Le design s'inspire de la forme naturelle d'un cocon : un endroit s\u00fbr et abrit\u00e9, flottant dans l'espace, o\u00f9 l'on peut se retirer compl\u00e8tement. Les <strong>structure tress\u00e9e monumentale<\/strong>La finition est assur\u00e9e par le syst\u00e8me innovant et r\u00e9sistant aux intemp\u00e9ries de la <strong><a href=\"https:\/\/www.dedon.de\/en-US\/about-us\/quality\" target=\"_blank\" rel=\"noopener noreferrer nofollow\">Fibre DEDON<\/a><\/strong>Les ouvertures permettent de rester en contact avec l'environnement et offrent s\u00e9curit\u00e9 et intimit\u00e9.<\/p>\n\n\n\n<p>Cette combinaison d'intimit\u00e9 et de connectivit\u00e9 cr\u00e9e une exp\u00e9rience unique en plein air. Les <a href=\"https:\/\/www.dedon.de\/en\/Product-Finder\/furniture\/nestrest\" target=\"_blank\" rel=\"noopener noreferrer nofollow\">Dedon Nestrest<\/a> invite <strong>se d\u00e9tendre, lire, r\u00eaver ou simplement profiter du silence<\/strong>. L'impression de flotter, entour\u00e9 par le tissage organique, en fait un v\u00e9ritable accroche-regard et l'un des produits d'ext\u00e9rieur les plus l\u00e9gendaires jamais cr\u00e9\u00e9s.<\/p>\n\n\n\n<p>Sa construction solide et le choix de mat\u00e9riaux durables garantissent une longue dur\u00e9e de vie. Qu'il soit plac\u00e9 dans un jardin priv\u00e9, une villa exclusive ou un environnement de vill\u00e9giature, le Nestrest est une source d'inspiration pour tous les amoureux de la nature. <strong>symbole de l'art de vivre en plein air<\/strong> et un produit qui continue de fasciner.<\/p>\n\n\n\n<h2 class=\"wp-block-heading\">Pourquoi choisir Dedon Nestrest ?<\/h2>\n\n\n\n<ul class=\"wp-block-list\">\n<li>Con\u00e7u par Daniel Pouzet et Fred Frety - un design embl\u00e9matique<\/li>\n\n\n\n<li>Fabriqu\u00e9 \u00e0 la main \u00e0 partir de mat\u00e9riaux innovants et durables <a href=\"https:\/\/www.dedon.de\/en-US\/about-us\/quality\" target=\"_blank\" rel=\"noopener noreferrer nofollow\">Fibre DEDON<\/a><\/li>\n\n\n\n<li>Un nid suspendu pour la s\u00e9curit\u00e9 et l'ouverture \u00e0 la fois<\/li>\n\n\n\n<li>Objet l\u00e9gendaire d'ext\u00e9rieur et v\u00e9ritable accroche-regard<\/li>\n\n\n\n<li>Parfait pour les \u00e9picuriens qui veulent allier tranquillit\u00e9 et luxe.<\/li>\n<\/ul>\n\n\n\n<blockquote class=\"wp-block-quote is-layout-flow wp-block-quote-is-layout-flow\">\n<p>Nous pla\u00e7ons souvent ce nid suspendu unique de Dedon dans l'attraction du jardin : l'arbre qui a du caract\u00e8re et de la magie. Il cr\u00e9e une atmosph\u00e8re mythique qui fait passer la vie en plein air au niveau sup\u00e9rieur.<\/p>\n<\/blockquote>\n\n\n\n<div class=\"wp-block-buttons is-layout-flex wp-block-buttons-is-layout-flex\">\n<div class=\"wp-block-button\"><a class=\"wp-block-button__link wp-element-button\" href=\"https:\/\/shop.thooft.com\/nl\" target=\"_blank\" rel=\"noopener noreferrer nofollow\">Plus d'informations<\/a><\/div>\n<\/div>\n\n\n\n<p><\/p>","protected":false},"excerpt":{"rendered":"<p>Un nid \u00e0 l'air libre. Dedon Nestrest | Le nid suspendu ultime pour l'ext\u00e9rieur Le DEDON Nestrest, con\u00e7u par Daniel Pouzet et Fred Frety, est devenu une ic\u00f4ne dans le monde du design d'ext\u00e9rieur. Ce meuble unique transcende la fonction de mobilier de salon et devient une d\u00e9claration architecturale dans n'importe quel espace ext\u00e9rieur. Le design s'inspire de la [...]<\/p>","protected":false},"featured_media":18075,"menu_order":0,"template":"","format":"standard","meta":{"footnotes":""},"type-collectie":[115],"soort":[58],"merk":[40],"class_list":["post-12620","collecties","type-collecties","status-publish","format-standard","has-post-thumbnail","hentry","type-collectie-daybeds","soort-moderne-tuinmeubelen","merk-dedon"],"_links":{"self":[{"href":"https:\/\/thooft.com\/fr\/wp-json\/wp\/v2\/collecties\/12620","targetHints":{"allow":["GET"]}}],"collection":[{"href":"https:\/\/thooft.com\/fr\/wp-json\/wp\/v2\/collecties"}],"about":[{"href":"https:\/\/thooft.com\/fr\/wp-json\/wp\/v2\/types\/collecties"}],"version-history":[{"count":2,"href":"https:\/\/thooft.com\/fr\/wp-json\/wp\/v2\/collecties\/12620\/revisions"}],"predecessor-version":[{"id":18076,"href":"https:\/\/thooft.com\/fr\/wp-json\/wp\/v2\/collecties\/12620\/revisions\/18076"}],"wp:featuredmedia":[{"embeddable":true,"href":"https:\/\/thooft.com\/fr\/wp-json\/wp\/v2\/media\/18075"}],"wp:attachment":[{"href":"https:\/\/thooft.com\/fr\/wp-json\/wp\/v2\/media?parent=12620"}],"wp:term":[{"taxonomy":"type-collectie","embeddable":true,"href":"https:\/\/thooft.com\/fr\/wp-json\/wp\/v2\/type-collectie?post=12620"},{"taxonomy":"soort","embeddable":true,"href":"https:\/\/thooft.com\/fr\/wp-json\/wp\/v2\/soort?post=12620"},{"taxonomy":"merk","embeddable":true,"href":"https:\/\/thooft.com\/fr\/wp-json\/wp\/v2\/merk?post=12620"}],"curies":[{"name":"wp","href":"https:\/\/api.w.org\/{rel}","templated":true}]}}

<blockquote class="wp-block-quote is-layout-flow wp-block-quote-is-layout-flow">
<p>Je traîne dans les parages.</p>
</blockquote>



<h2 class="wp-block-heading">Dedon Nestrest | Le nid suspendu ultime pour l'extérieur</h2>



<p>Le <strong>DEDON Nestrest</strong>, conçu par <strong>Daniel Pouzet et Fred Frety</strong>est devenu une icône dans le monde de l'aménagement extérieur. Ce meuble unique transcende la fonction de meuble de salon et devient un élément de décoration d'intérieur. <strong>déclaration architecturale</strong> dans n'importe quel espace extérieur.</p>



<p>Le design s'inspire de la forme naturelle d'un cocon : un endroit sûr et abrité, flottant dans l'espace, où l'on peut se retirer complètement. Les <strong>structure tressée monumentale</strong>La finition est assurée par le système innovant et résistant aux intempéries de la <strong><a href="https://www.dedon.de/en-US/about-us/quality" target="_blank" rel="noopener noreferrer nofollow">Fibre DEDON</a></strong>Les ouvertures permettent de rester en contact avec l'environnement et offrent sécurité et intimité.</p>



<p>Cette combinaison d'intimité et de connectivité crée une expérience unique en plein air. Les <a href="https://www.dedon.de/en/Product-Finder/furniture/nestrest" target="_blank" rel="noopener noreferrer nofollow">Dedon Nestrest</a> invite <strong>se détendre, lire, rêver ou simplement profiter du silence</strong>. L'impression de flotter, entouré par le tissage organique, en fait un véritable accroche-regard et l'un des produits d'extérieur les plus légendaires jamais créés.</p>



<p>Sa construction solide et le choix de matériaux durables garantissent une longue durée de vie. Qu'il soit placé dans un jardin privé, une villa exclusive ou un environnement de villégiature, le Nestrest est une source d'inspiration pour tous les amoureux de la nature. <strong>symbole de l'art de vivre en plein air</strong> et un produit qui continue de fasciner.</p>



<h2 class="wp-block-heading">Pourquoi choisir Dedon Nestrest ?</h2>



<ul class="wp-block-list">
<li>Conçu par Daniel Pouzet et Fred Frety - un design emblématique</li>



<li>Fabriqué à la main à partir de matériaux innovants et durables <a href="https://www.dedon.de/en-US/about-us/quality" target="_blank" rel="noopener noreferrer nofollow">Fibre DEDON</a></li>



<li>Un nid suspendu pour la sécurité et l'ouverture à la fois</li>



<li>Objet légendaire d'extérieur et véritable accroche-regard</li>



<li>Parfait pour les épicuriens qui veulent allier tranquillité et luxe.</li>
</ul>



<blockquote class="wp-block-quote is-layout-flow wp-block-quote-is-layout-flow">
<p>Nous plaçons souvent ce nid suspendu unique de Dedon dans l'attraction du jardin : l'arbre qui a du caractère et de la magie. Il crée une atmosphère mythique qui fait passer la vie en plein air au niveau supérieur.</p>
</blockquote>



<div class="wp-block-buttons is-layout-flex wp-block-buttons-is-layout-flex">
<div class="wp-block-button"><a class="wp-block-button__link wp-element-button" href="https://shop.thooft.com/nl" target="_blank" rel="noopener noreferrer nofollow">Plus d'informations</a></div>
</div>



<p></p>

<p>Un nid à l'air libre. Dedon Nestrest | Le nid suspendu ultime pour l'extérieur Le DEDON Nestrest, conçu par Daniel Pouzet et Fred Frety, est devenu une icône dans le monde du design d'extérieur. Ce meuble unique transcende la fonction de mobilier de salon et devient une déclaration architecturale dans n'importe quel espace extérieur. Le design s'inspire de la [...]</p>
